{"id":38,"date":"2020-12-31T04:58:04","date_gmt":"2020-12-31T04:58:04","guid":{"rendered":"http:\/\/drcarloscastillo.com\/?page_id=38"},"modified":"2021-01-24T20:31:04","modified_gmt":"2021-01-25T01:31:04","slug":"quien-soy","status":"publish","type":"page","link":"https:\/\/drcarloscastillo.com\/home\/quien-soy\/","title":{"rendered":"Dr. Carlos Castillo"},"content":{"rendered":"\n<div class=\"row\">\n                <div class=\"col-12 mg-t-50 mg-b-20 text-center\">\n                    <h2>\u00bfQui\u00e9n es el Dr Carlos Castillo?<\/h2>\n                <\/div>\n            <\/div>\n            <div class=\"row\">\n                <div class=\"col-12 text-intro\">\n                    <p>Soy m\u00e9dico Ortopedista y Traumat\u00f3logo con subespecialidad en Cirug\u00eda Reconstructiva de pie y tobillo. Con amplia experiencia en el manejo de lesiones deportivas, secuelas de accidentes y cirug\u00eda reconstructiva de las lesiones en el pie y tobillo. Somos un equipo que va a la vanguardia de la tecnolog\u00eda, con alta experiencia y completamente emp\u00e1tico con nuestros pacientes, que profundiza en cada causa y plantea soluciones reproducibles y efectivas.\n                    <\/p>\n                <\/div>\n            <\/div>\n            <div class=\"row\">\n                <div class=\"col-12 mg-t-50 mg-b-20 text-center\">\n                    <h2>Mis especialidades<\/h2>\n                <\/div>\n            <\/div>\n","protected":false},"excerpt":{"rendered":"<p>\u00bfQui\u00e9n es el Dr Carlos Castillo? Soy m\u00e9dico Ortopedista y Traumat\u00f3logo con subespecialidad en Cirug\u00eda Reconstructiva de pie y tobillo. Con amplia experiencia en el manejo de lesiones deportivas, secuelas de accidentes y cirug\u00eda reconstructiva de las lesiones en el pie y tobillo. Somos un equipo que va a la vanguardia de la tecnolog\u00eda, con [&hellip;]<\/p>\n","protected":false},"author":1,"featured_media":50,"parent":0,"menu_order":0,"comment_status":"closed","ping_status":"open","template":"page_quien.php","meta":{"_acf_changed":false,"footnotes":""},"class_list":["post-38","page","type-page","status-publish","has-post-thumbnail","hentry"],"acf":[],"yoast_head":"<!-- This site is optimized with the Yoast SEO plugin v23.1 - https:\/\/yoast.com\/wordpress\/plugins\/seo\/ -->\n<title>Dr. Carlos Castillo | Dr Carlos Castillo F.<\/title>\n<meta name=\"robots\" content=\"index, follow, max-snippet:-1, max-image-preview:large, max-video-preview:-1\" \/>\n<link rel=\"canonical\" href=\"https:\/\/drcarloscastillo.com\/home\/quien-soy\/\" \/>\n<meta property=\"og:locale\" content=\"es_ES\" \/>\n<meta property=\"og:type\" content=\"article\" \/>\n<meta property=\"og:title\" content=\"Dr. Carlos Castillo | Dr Carlos Castillo F.\" \/>\n<meta property=\"og:description\" content=\"\u00bfQui\u00e9n es el Dr Carlos Castillo? Soy m\u00e9dico Ortopedista y Traumat\u00f3logo con subespecialidad en Cirug\u00eda Reconstructiva de pie y tobillo. Con amplia experiencia en el manejo de lesiones deportivas, secuelas de accidentes y cirug\u00eda reconstructiva de las lesiones en el pie y tobillo. Somos un equipo que va a la vanguardia de la tecnolog\u00eda, con [&hellip;]\" \/>\n<meta property=\"og:url\" content=\"https:\/\/drcarloscastillo.com\/home\/quien-soy\/\" \/>\n<meta property=\"og:site_name\" content=\"Dr Carlos Castillo F.\" \/>\n<meta property=\"article:modified_time\" content=\"2021-01-25T01:31:04+00:00\" \/>\n<meta property=\"og:image\" content=\"https:\/\/drcarloscastillo.com\/wp-content\/uploads\/2020\/12\/dr-lg.png\" \/>\n\t<meta property=\"og:image:width\" content=\"1185\" \/>\n\t<meta property=\"og:image:height\" content=\"1080\" \/>\n\t<meta property=\"og:image:type\" content=\"image\/png\" \/>\n<meta name=\"twitter:card\" content=\"summary_large_image\" \/>\n<script type=\"application\/ld+json\" class=\"yoast-schema-graph\">{\"@context\":\"https:\/\/schema.org\",\"@graph\":[{\"@type\":\"WebPage\",\"@id\":\"https:\/\/drcarloscastillo.com\/home\/quien-soy\/\",\"url\":\"https:\/\/drcarloscastillo.com\/home\/quien-soy\/\",\"name\":\"Dr. Carlos Castillo | Dr Carlos Castillo F.\",\"isPartOf\":{\"@id\":\"https:\/\/drcarloscastillo.com\/home\/#website\"},\"primaryImageOfPage\":{\"@id\":\"https:\/\/drcarloscastillo.com\/home\/quien-soy\/#primaryimage\"},\"image\":{\"@id\":\"https:\/\/drcarloscastillo.com\/home\/quien-soy\/#primaryimage\"},\"thumbnailUrl\":\"https:\/\/drcarloscastillo.com\/wp-content\/uploads\/2020\/12\/dr-lg.png\",\"datePublished\":\"2020-12-31T04:58:04+00:00\",\"dateModified\":\"2021-01-25T01:31:04+00:00\",\"breadcrumb\":{\"@id\":\"https:\/\/drcarloscastillo.com\/home\/quien-soy\/#breadcrumb\"},\"inLanguage\":\"es\",\"potentialAction\":[{\"@type\":\"ReadAction\",\"target\":[\"https:\/\/drcarloscastillo.com\/home\/quien-soy\/\"]}]},{\"@type\":\"ImageObject\",\"inLanguage\":\"es\",\"@id\":\"https:\/\/drcarloscastillo.com\/home\/quien-soy\/#primaryimage\",\"url\":\"https:\/\/drcarloscastillo.com\/wp-content\/uploads\/2020\/12\/dr-lg.png\",\"contentUrl\":\"https:\/\/drcarloscastillo.com\/wp-content\/uploads\/2020\/12\/dr-lg.png\",\"width\":1185,\"height\":1080},{\"@type\":\"BreadcrumbList\",\"@id\":\"https:\/\/drcarloscastillo.com\/home\/quien-soy\/#breadcrumb\",\"itemListElement\":[{\"@type\":\"ListItem\",\"position\":1,\"name\":\"Portada\",\"item\":\"https:\/\/drcarloscastillo.com\/home\/\"},{\"@type\":\"ListItem\",\"position\":2,\"name\":\"Dr. Carlos Castillo\"}]},{\"@type\":\"WebSite\",\"@id\":\"https:\/\/drcarloscastillo.com\/home\/#website\",\"url\":\"https:\/\/drcarloscastillo.com\/home\/\",\"name\":\"Dr Carlos Castillo F.\",\"description\":\"Ortopedista y traumat\u00f3logo\",\"publisher\":{\"@id\":\"https:\/\/drcarloscastillo.com\/home\/#organization\"},\"potentialAction\":[{\"@type\":\"SearchAction\",\"target\":{\"@type\":\"EntryPoint\",\"urlTemplate\":\"https:\/\/drcarloscastillo.com\/home\/?s={search_term_string}\"},\"query-input\":\"required name=search_term_string\"}],\"inLanguage\":\"es\"},{\"@type\":\"Organization\",\"@id\":\"https:\/\/drcarloscastillo.com\/home\/#organization\",\"name\":\"Dr Carlos Castillo F.\",\"url\":\"https:\/\/drcarloscastillo.com\/home\/\",\"logo\":{\"@type\":\"ImageObject\",\"inLanguage\":\"es\",\"@id\":\"https:\/\/drcarloscastillo.com\/home\/#\/schema\/logo\/image\/\",\"url\":\"https:\/\/drcarloscastillo.com\/wp-content\/uploads\/2021\/01\/cropped-logo_3x.png\",\"contentUrl\":\"https:\/\/drcarloscastillo.com\/wp-content\/uploads\/2021\/01\/cropped-logo_3x.png\",\"width\":505,\"height\":302,\"caption\":\"Dr Carlos Castillo F.\"},\"image\":{\"@id\":\"https:\/\/drcarloscastillo.com\/home\/#\/schema\/logo\/image\/\"}}]}<\/script>\n<!-- \/ Yoast SEO plugin. -->","yoast_head_json":{"title":"Dr. Carlos Castillo | Dr Carlos Castillo F.","robots":{"index":"index","follow":"follow","max-snippet":"max-snippet:-1","max-image-preview":"max-image-preview:large","max-video-preview":"max-video-preview:-1"},"canonical":"https:\/\/drcarloscastillo.com\/home\/quien-soy\/","og_locale":"es_ES","og_type":"article","og_title":"Dr. Carlos Castillo | Dr Carlos Castillo F.","og_description":"\u00bfQui\u00e9n es el Dr Carlos Castillo? Soy m\u00e9dico Ortopedista y Traumat\u00f3logo con subespecialidad en Cirug\u00eda Reconstructiva de pie y tobillo. Con amplia experiencia en el manejo de lesiones deportivas, secuelas de accidentes y cirug\u00eda reconstructiva de las lesiones en el pie y tobillo. Somos un equipo que va a la vanguardia de la tecnolog\u00eda, con [&hellip;]","og_url":"https:\/\/drcarloscastillo.com\/home\/quien-soy\/","og_site_name":"Dr Carlos Castillo F.","article_modified_time":"2021-01-25T01:31:04+00:00","og_image":[{"width":1185,"height":1080,"url":"https:\/\/drcarloscastillo.com\/wp-content\/uploads\/2020\/12\/dr-lg.png","type":"image\/png"}],"twitter_card":"summary_large_image","schema":{"@context":"https:\/\/schema.org","@graph":[{"@type":"WebPage","@id":"https:\/\/drcarloscastillo.com\/home\/quien-soy\/","url":"https:\/\/drcarloscastillo.com\/home\/quien-soy\/","name":"Dr. Carlos Castillo | Dr Carlos Castillo F.","isPartOf":{"@id":"https:\/\/drcarloscastillo.com\/home\/#website"},"primaryImageOfPage":{"@id":"https:\/\/drcarloscastillo.com\/home\/quien-soy\/#primaryimage"},"image":{"@id":"https:\/\/drcarloscastillo.com\/home\/quien-soy\/#primaryimage"},"thumbnailUrl":"https:\/\/drcarloscastillo.com\/wp-content\/uploads\/2020\/12\/dr-lg.png","datePublished":"2020-12-31T04:58:04+00:00","dateModified":"2021-01-25T01:31:04+00:00","breadcrumb":{"@id":"https:\/\/drcarloscastillo.com\/home\/quien-soy\/#breadcrumb"},"inLanguage":"es","potentialAction":[{"@type":"ReadAction","target":["https:\/\/drcarloscastillo.com\/home\/quien-soy\/"]}]},{"@type":"ImageObject","inLanguage":"es","@id":"https:\/\/drcarloscastillo.com\/home\/quien-soy\/#primaryimage","url":"https:\/\/drcarloscastillo.com\/wp-content\/uploads\/2020\/12\/dr-lg.png","contentUrl":"https:\/\/drcarloscastillo.com\/wp-content\/uploads\/2020\/12\/dr-lg.png","width":1185,"height":1080},{"@type":"BreadcrumbList","@id":"https:\/\/drcarloscastillo.com\/home\/quien-soy\/#breadcrumb","itemListElement":[{"@type":"ListItem","position":1,"name":"Portada","item":"https:\/\/drcarloscastillo.com\/home\/"},{"@type":"ListItem","position":2,"name":"Dr. Carlos Castillo"}]},{"@type":"WebSite","@id":"https:\/\/drcarloscastillo.com\/home\/#website","url":"https:\/\/drcarloscastillo.com\/home\/","name":"Dr Carlos Castillo F.","description":"Ortopedista y traumat\u00f3logo","publisher":{"@id":"https:\/\/drcarloscastillo.com\/home\/#organization"},"potentialAction":[{"@type":"SearchAction","target":{"@type":"EntryPoint","urlTemplate":"https:\/\/drcarloscastillo.com\/home\/?s={search_term_string}"},"query-input":"required name=search_term_string"}],"inLanguage":"es"},{"@type":"Organization","@id":"https:\/\/drcarloscastillo.com\/home\/#organization","name":"Dr Carlos Castillo F.","url":"https:\/\/drcarloscastillo.com\/home\/","logo":{"@type":"ImageObject","inLanguage":"es","@id":"https:\/\/drcarloscastillo.com\/home\/#\/schema\/logo\/image\/","url":"https:\/\/drcarloscastillo.com\/wp-content\/uploads\/2021\/01\/cropped-logo_3x.png","contentUrl":"https:\/\/drcarloscastillo.com\/wp-content\/uploads\/2021\/01\/cropped-logo_3x.png","width":505,"height":302,"caption":"Dr Carlos Castillo F."},"image":{"@id":"https:\/\/drcarloscastillo.com\/home\/#\/schema\/logo\/image\/"}}]}},"_links":{"self":[{"href":"https:\/\/drcarloscastillo.com\/home\/wp-json\/wp\/v2\/pages\/38"}],"collection":[{"href":"https:\/\/drcarloscastillo.com\/home\/wp-json\/wp\/v2\/pages"}],"about":[{"href":"https:\/\/drcarloscastillo.com\/home\/wp-json\/wp\/v2\/types\/page"}],"author":[{"embeddable":true,"href":"https:\/\/drcarloscastillo.com\/home\/wp-json\/wp\/v2\/users\/1"}],"replies":[{"embeddable":true,"href":"https:\/\/drcarloscastillo.com\/home\/wp-json\/wp\/v2\/comments?post=38"}],"version-history":[{"count":20,"href":"https:\/\/drcarloscastillo.com\/home\/wp-json\/wp\/v2\/pages\/38\/revisions"}],"predecessor-version":[{"id":346,"href":"https:\/\/drcarloscastillo.com\/home\/wp-json\/wp\/v2\/pages\/38\/revisions\/346"}],"wp:featuredmedia":[{"embeddable":true,"href":"https:\/\/drcarloscastillo.com\/home\/wp-json\/wp\/v2\/media\/50"}],"wp:attachment":[{"href":"https:\/\/drcarloscastillo.com\/home\/wp-json\/wp\/v2\/media?parent=38"}],"curies":[{"name":"wp","href":"https:\/\/api.w.org\/{rel}","templated":true}]}}